-2).
24
Let t be 2/(-10) + 6/5. Let g be 2/1 - (1 - -1). Let i(x) = -5*x - 5*x**2 + 14*x**2 + 3*x + 1 + g*x. What is i(t)?
8
Let h be 1 - 246/30 - 18/(-90). Let u(y) = y**3 + 7*y**2 + 10*y + 10. Give u(h).
-60
Let z(j) = -j**3 + j + 2. Let t = 109 + -112. Let v = -20 + 18. Let m be ((-3 - -3) + -3)/(t/v). Give z(m).
8
Let i = 9198 + -9204. Let o(p) = -p**3 - 9*p**2 - 14*p + 6. Calculate o(i).
-18
Suppose -428*x = -427*x + 2*i - 17, -x = 5*i - 44. Let u(v) = -6*v**2 + 2*v - 1 - 3*v - 3*v**2. What is u(x)?
-9
Let t(d) = d - 7. Let g = -934 - -91. Let k = g - -847. Determine t(k).
-3
Let b(v) be the first derivative of 7*v**5/40 + 2*v**3/3 - 45*v**2 + 156. Let w(z) be the third derivative of b(z). Calculate w(1).
21
Suppose -42 = -5*g + 3*j, 0 = -4*j + 2*j - 8. Let h(w) = 8*w + 473*w**3 - 474*w**3 - 5 - 4*w**2 + 8*w**2 + w**2. Calculate h(g).
7
Let a = 18078 - 18077. Let z(j) = 14*j**2 - 7*j + 7. Give z(a).
14
Let j = -4 + 2. Suppose -258 + 14 = 31*g + 35. Let d be (j - (0 - 1))/((-3)/g). Let m(x) = -x**2 - 3*x - 4. Determine m(d).
-4
Let m(t) be the first derivative of -t**3/3 - 25*t**2/2 - 43*t + 519. Give m(-23).
3
Let k = -169 - -331. Suppose 0 = -6*s + k - 264. Let q(j) = j**3 + 18*j**2 + 16*j - 13. Give q(s).
4
Let h(j) be the third derivative of 0 - 1/6*j**3 + j + 9*j**2 + 7/24*j**4. Let x = -25 - -24. Give h(x).
-8
Let h(i) = -28*i**2 + 5*i + 27*i**2 - i**2 + 6. Let m(g) = -g**2 + g + 2. Let r(f) = -h(f) + 4*m(f). What is r(-2)?
-4
Let n(r) = 450 + 4*r - 3*r - 871 + 435. Let h = -1 + 1. Give n(h).
14
Let f(b) = -b**3 - b. Let j(y) = -7*y + 5*y - 4*y**2 + 3*y**2 - 5 + 6*y**2. Let d(s) = -f(s) - j(s). Give d(4).
1
Let l(g) = 50 - 13*g**2 - 5*g - 31 + 13*g + 227*g**3 - 229*g**3. Give l(-7).
12
Let j(u) = u - 5. Suppose n = -2*v - 15, -2*v - 43 = 20*n - 15*n. Let y be (0/2*(6 + n))/1. Determine j(y).
-5
Let o(q) = q**3 - q - 1. Let h(m) = 2*m**3 - 2*m - 4. Let x(y) = -h(y) + o(y). Let s be x(0). Let w(k) = -24 + s*k + 14 - 2*k. Give w(7).
-3
Let l be (3*-7)/(45/30). Let b(w) = w - 3. Let x(p) = -4*p + 8. Let j(a) = l*b(a) - 5*x(a). Let d be ((-3)/2)/(9/12). What is j(d)?
-10
Let o(z) = -5*z**2 + 5*z - 5. Let i(k) = -24*k**2 + 26*k - 16. Let d(t) = -4*i(t) + 19*o(t). What is d(12)?
5
Let w(f) = f + 74. Let i(u) = 200*u + 9789. Let j be i(-49). What is w(j)?
63
Let v(a) = 10*a + 36. Let c(g) = -2*g - 7. Let s(l) = 11*c(l) + 2*v(l). Let u be (4 + -3)*5 - (6 + -1). Calculate s(u).
-5
Suppose -8*s + 55 = -73. Let l(v) = -s + 2*v + 18 - 12. Give l(4).
-2
Let u(w) = 4*w**2 + 4*w + 2. Let a(q) = 3*q**2 + 3*q + 2. Let n(p) = -5*p + 5. Let t be n(2). Let m(z) = t*a(z) + 4*u(z). Suppose -2*k + 0 = -4. What is m(k)?
4
Suppose 0 = 2*a - 2*p - 10, 44*a + 2*p + 10 = 49*a. Let g(k) = 13381*k + k**3 - 13380*k + a*k**2 - 3 + 5*k**2. Give g(-5).
-8
Let b be (-2)/(-5)*(-4320)/(-96) + (-6)/(-2). Let f(x) = 21*x + 5 + 1 + 0*x**2 - x**2. What is f(b)?
6
Suppose -17*a + 18 + 16 = 0. Let t(b) = -b**2 - 57*b**3 + 4 - 2*b**a + b + 117*b**3 - 2*b**2 - 61*b**3. What is t(-5)?
-1
Let k(l) = -l**3 - l**2. Let a(f) = 5*f**3 + 3*f**2 + 3. Let v(j) = 2*j**2 + 11*j - 62. Let u be v(-9). Let r(t) = u*a(t) + 6*k(t). Calculate r(-3).
3
Let l(t) = -7*t + 179. Let o(r) = -46. Let q(a) = l(a) + 4*o(a). Determine q(8).
-61
Suppose d + 2*d - 9 = 0, -3*k + 4*d + 12 = 0. Let o(b) = -b - 5. Let i(m) = -3*m - 7. Let r(n) = 3*i(n) - 6*o(n). Give r(k).
-15
Let t(y) = 29*y - 7. Let g(x) = 17*x - 4. Let n(s) = -11*g(s) + 6*t(s). Determine n(3).
-37
Let n(h) = 2*h - 3 + 8*h + 5 - 4*h + h. Calculate n(1).
9
Let t(u) = -10*u**3 + 0 - 1 - 25*u**2 + 2*u + 23*u**2. Let j(c) = 4*c**3 - 2*c + 1. Let n be j(1). Let b be (0/(-1))/n + 1. Give t(b).
-11
Let g(x) = -3*x + 3*x - 1 + 12*x**2. Let j(v) = -v**3 - 19*v**2 - 20*v - 30. Let h be j(-18). Suppose 5*w = -3*y + 8, 11 - h = 5*y. Calculate g(w).
11
Let r(a) = 3*a**2 + 59*a - 21. Let l = -7191 - -7171. Calculate r(l).
-1
Let t(x) = -x - 1. Suppose 21*k + 75 - 67 = -34. What is t(k)?
1
Let c(g) = g**3 + 3*g**2 - 3*g - 4. Let j be c(-3). Suppose 54*m = 62*m - 168. Suppose -4*z + 2*z + m = j*p, 3*z = p - 11. Let t(a) = -3*a. Calculate t(z).
6
Let i(a) = a**2 + 3*a + 3. Let h(b) = 6 - 20*b - 31 - 209 - b. Let d be h(-11). Give i(d).
3
Let u = 8 - -1. Suppose a + 2*j = u, -j = 2*j - 9. Let m(g) = -4*g**2 + 14 + a*g - 12 + 5*g**2. Calculate m(-4).
6
Let j(f) be the first derivative of f**3/6 - f**2 + 11*f + 74. Let l(k) be the first derivative of j(k). Let o = -8 - -12. Calculate l(o).
2
Let p be ((-39)/9 - 7)/(3/(-9)). Let r(a) = 125*a - p*a - 3 - 33*a - 30*a - 27*a. Calculate r(6).
3
Let n(w) = -2*w + 0 - 2*w**2 - 2 + 3*w**2. Suppose -2*d - 203*k + 1 = -208*k, 5*d - 13 = 2*k. Determine n(d).
1
Let i be -10 - (-232)/24 - 1514/(-6). Let r = -258 + i. Let t(q) = q**2 + 8*q + 7. Determine t(r).
-5
Let j(r) = 5*r**3 - 31*r**2 - 10*r - 7. Let w(c) = -4*c**3 + 27*c**2 + 12*c + 6. Let y(v) = 3*j(v) + 4*w(v). What is y(16)?
35
Let g be 77 - 83 - ((-2)/(-24))/(1/(-94)). Let h(z) be the second derivative of g*z**3 + 1/12*z**4 + 5*z**2 - 10*z + 0. Calculate h(-7).
-18
Let y(x) be the third derivative of x**5/60 + 7*x**4/24 - 2*x**3 - x**2 + 156*x. Determine y(-8).
-4
Let a = -76 - -112. Suppose -2*i = -3*d + 20, -4*d + 3*i + a = 5*i. Let o(l) = l - 11. Determine o(d).
-3
Let r be 340/748*(-1 + 12) - 24. Let o(j) = 2*j + 30. What is o(r)?
-8
Let y(t) = t**3 + 6*t**2 - 5*t + 11. Suppose 0 = 42*w + 184 + 110. What is y(w)?
-3
Let c(v) = 0*v + 4*v + 3*v + 16 - 3*v. Suppose x + 15 = -3*l, 0 = -x - 7*l + 5*l - 13. Calculate c(x).
-20
Let d = -578 - -583. Let u be 6/8 + (-325)/(-52). Let v(g) = -9*g - 2 - 2*g**2 - 2 + 3*g**2 + u*g. What is v(d)?
11
Let z(q) = 3*q - 8. Let n be (-969)/(-15) - (-2)/5. Suppose 3*u - 2*h - n = 0, u - 47 = -u + 5*h. Suppose -5*l + 35 = -4*b + 3*b, -3*l + u = b. Calculate z(l).
13
Let a(u) be the first derivative of -u**3/3 - 4*u**2 - 11*u + 1710. Give a(-6).
1
Let h(u) be the second derivative of -u**6/360 - u**4/24 + 11*u**3/2 + 212*u. Let g(z) be the second derivative of h(z). What is g(-3)?
-10
Let q = 317 - 312. Let p be ((-3)/q)/((-11)/55). Let i(r) = r**3 - 2*r**2 - 3*r - 5. Let l(j) = j**3 - 2*j**2 - 3*j - 6. Let y(k) = 4*i(k) - 3*l(k). Give y(p).
-2
Let g(j) = -19*j**2 - 8333*j**3 + 8331*j**3 - 11 - j + 11*j - 20*j. Calculate g(-9).
-2
Let j(g) = 40 - 14 - 11 - 2 + g + 6 + 5. Suppose -4*n - 3 = 81. Give j(n).
3
Let n(i) = i**2 + 8*i + 8. Suppose 16 = -z - 4*y, 16*y - 28 = 2*z + 20*y. Determine n(z).
56
Let y(t) = -t**2 - 18*t - 26. Suppose m + 13 = 16*n - 17*n, 0 = 5*n + 3*m + 69. Give y(n).
19
Let h(y) = 4*y**2 - 267*y + 3629. Let b be h(19). Suppose 0 = q - 1. Let f(j) = -j - j**2 - 5 + q + 5. What is f(b)?
1
Suppose -3*l - 52 = 179. Let f = 73 + l. Let n(x) be the third derivative of -x**5/60 - x**4/4 - x**3/2 + 4*x**2. Calculate n(f).
5
Let c be (-4)/(-7)*3 + 455/49 + -10. Let f(a) = 4 + 5*a**3 - 2 + a - 3. Determine f(c).
5
Let s be (-144)/(22 + -10) + 12. Let i(r) be the third derivative of -1/60*r**5 - 1/6*r**4 + s*r + 0 + 20*r**2 + 1/2*r**3. What is i(-5)?
-2
Let i be (15/(-6))/((-6)/(-24)). Let x(c) = -5*c**2 - 7*c + 6. Let l(v) = -11*v**2 - 14*v + 12. Let q(o) = 4*l(o) - 9*x(o). Determine q(i).
24
Let d(o) = 9*o + 31. Let b be d(-5). Let w(m) = m**2 + 16*m + 34. Let j be w(b). Let c(z) = -6 + 3*z + j + 5 + 0. Calculate c(-5).
-10
Let w(f) = 75*f + 83*f - 165*f + 65. Determine w(10).
-5
Let u be (-13 - -15) + 1 + 1. Let z(b) = b - 4. Let m(c) = 2*c - 10. Let n(a) = -m(a) + 4*z(a). Determine n(u).
2
Suppose -o + 16*o = 690. Let y(p) = -85 + 44 + 2*p + o - 3*p. Suppose 2*x + 15 - 5 = 0. Determine y(x).
10
Let g(v) = 5*v - 3. Let w(s) = 6*s - 4. Let p(f) = -5*g(f) + 4*w(f). Let k be (36/126)/((-1)/(-119)). Let n be 262/(-38) - k/323. Give p(n).
6
Suppose 180*v + 7*v = -2992. Let a(r) = -r**2 - 15*r + 6. Give a(v).
-10
Suppose -b + 1 - 10 = -7*j, -3*b = -15. Let a(u) be the first derivative of 1/2*u**j + 3*u**3 + 9 + 0*u. Determine a(1).
10
Let d(i) = i + 15. Let c(a) = -9*a - 76. Let g(b) = 8*b + 76. Let s(o) = 2*c(o) + 3*g(o). Let t(q) = -11*d(q) + 2*s(q). Determine t(6).
-7
Let z(h) = -8*h - 51 + 2*h + h + 35 + 35. Determine z(10).
-31
Let p(m) = 3*m - 15. Let r(d) = d**3 - 17*d**2 - 38*d - 1. Let w be r(19). Let u(y) = y. Le